{"id":1274,"date":"2013-04-09T01:52:52","date_gmt":"2013-04-08T23:52:52","guid":{"rendered":"http:\/\/www.aikibujutsu.hu\/?page_id=1274"},"modified":"2013-04-09T01:52:52","modified_gmt":"2013-04-08T23:52:52","slug":"aikido-es-aikibujutsu","status":"publish","type":"page","link":"https:\/\/www.aikibujutsu.hu\/?page_id=1274","title":{"rendered":"Aikido \u00e9s Aikibujutsu"},"content":{"rendered":"<p>\t<head><br \/>\n\t\t<title>Aikid\u014d \u00e9s Aikibujutsu a harmoniz\u00e1l\u00f3 energia \u00fatja<\/title>\n\t\t<link href=\"http:\/\/aikibujutsu.hu\/SajatStyle\/ObataBio.css\" rel=\"stylesheet\" type\"text\/class\" \/>\n\t\t<meta http-equiv=\"Content-Type\" content=\"text\/html; charset=iso-8859-2\" \/><br \/>\n\t\t<meta http-equiv=\"content-language\" content=\"hu\" \/><\/p>\n<p>\t<\/head><\/p>\n<p><body>\t<\/p>\n<div id=\"doboz\">\n<div id=\"szoveg\">\n<div id=\"KepKozepre\">\n<p>\t\t\t\t<img loading=\"lazy\" title=\"Nage\" alt=\"\" src=\"https:\/\/www.aikibujutsu.hu\/SajatPic\/Aikibujutsu_harmonyFF.jpg\" width=\"570\" height=\"320\" \/><\/p><\/div>\n<\/p><\/div>\n<div id=\"oldalNeve\">\n<h1 class=\"szalagcimHatter\">Aikid\u014d \u00e9s Aikibujutsu a harmoniz\u00e1l\u00f3 energia \u00fatja<\/h1>\n<\/p><\/div>\n<div id=\"szoveg\">\n<p>\t\t\tAz<strong><em> Aikid\u014d<\/em><\/strong> (\u5408\u6c17\u9053) \u00e9s az <strong><em>Aikibujutsu<\/em><\/strong> (\u5408\u6c17\u6b66\u8853) azon pusztakezes m\u0171v\u00e9szetek, melyek ink\u00e1bb hasznos\u00edtj\u00e1k az ellenf\u00e9l t\u00e1mad\u00e1s\u00e1nak erej\u00e9t, energi\u00e1j\u00e1t a technik\u00e1k seg\u00edts\u00e9g\u00e9vel, &#8211; p\u00e9ld\u00e1ul a dob\u00e1sokkal \u00e9s r\u00f6gz\u00edt\u00e9sekkel -, mint sem ellen\u00e1llnak. Az <em>Aikid\u014d<\/em> \u00e9s az <em>Aikibujutsu<\/em> jellemz\u0151en nem az er\u0151-er\u0151 elleni haszn\u00e1lat\u00e1t alkalmazz\u00e1k, \u00e1m ugyanakkor magukban foglalj\u00e1k az ellenf\u00e9l energi\u00e1j\u00e1val val\u00f3 kevered\u00e9st, majd annak visszaford\u00edt\u00e1s\u00e1t, sz\u00e9tsz\u00f3r\u00e1s\u00e1t. Ezek kev\u00e9sb\u00e9 rombol\u00f3, valamint kevesebb er\u0151fesz\u00edt\u00e9st ig\u00e9nyl\u0151 m\u00f3dszerek az ellenf\u00e9l legy\u0151z\u00e9s\u00e9re. Alkalmazz\u00e1k az emberi anat\u00f3miai ismereteket, kihaszn\u00e1lva az \u00edz\u00fcletek, az egyens\u00faly, a nyom\u00e1s- \u00e9s idegpontok, valamint a test egy\u00e9b sebezhet\u0151 r\u00e9szeinek ismeret\u00e9t, felk\u00e9sz\u00edtve a gyakorl\u00f3t egy sokkal er\u0151sebb ellens\u00e9g legy\u0151z\u00e9s\u00e9re is. Ilyen m\u00f3dszereket alkalmaznak a t\u00f6rv\u00e9nyv\u00e9grehajt\u00e1sban tev\u00e9kenyked\u0151 szervezetek a vil\u00e1g minden pontj\u00e1n. Az <em>Aiki<\/em> m\u00f3dszerek hat\u00e1sos haszn\u00e1lata megk\u00f6nny\u00edti az er\u0151szak megf\u00e9kez\u00e9s\u00e9t, a b\u0171n\u00f6z\u0151k letart\u00f3ztat\u00e1s\u00e1t, a legkisebb testi s\u00e9r\u00fcl\u00e9s okozva.<\/p>\n<div id=\"szovegKepBalra\">\n\t\t\t\t<img loading=\"lazy\" title=\"Shihonage Kuzushi\" alt=\"\" src=\"https:\/\/www.aikibujutsu.hu\/SajatPic\/shiho.gif\" width=\"210\" height=\"300\" \/><br \/>\n\t\t\t\tAz <em>Aiki<\/em> (\u5408\u6c17) fogalm\u00e1n \u00e1ltal\u00e1ban k\u00e9t szem\u00e9ly k\u00f6z\u00f6tti <em>Ki<\/em> (\u6c17; <em>az \u00e9ltet\u0151 energia<\/em>) egybefon\u00f3d\u00e1s\u00e1t vagy \u00f6sszhangba-, harm\u00f3ni\u00e1ba ker\u00fcl\u00e9s\u00e9t \u00e9rtik, p\u00e9ld\u00e1ul egy k\u00fczdelmi szitu\u00e1ci\u00f3ban egym\u00e1shoz viszonyul\u00f3 t\u00e1mad\u00f3 \u00e9s v\u00e9dekez\u0151 k\u00f6z\u00f6tt. Az <em>Aikid\u014d<\/em> leford\u00edthat\u00f3 \u00fagy, mint <em>\u201eA harmoniz\u00e1l\u00f3 energia \u00fatja\u201d<\/em>, az <em>Aikibujutsu<\/em> \u00fagy, mint <em>\u201eA harmoniz\u00e1l\u00f3 energia harci technik\u00e1i \u00e9s m\u00f3dszertana.\u201d<\/em> Az <em>Aiki<\/em> a harcm\u0171v\u00e9szeti gyakorlatban az ellenf\u00e9l mozg\u00e1s\u00e1nak \u00e9s energi\u00e1j\u00e1nak elt\u00e9r\u00edt\u00e9s\u00e9ben, megv\u00e1ltoztat\u00e1s\u00e1ban jelenik meg. Sz\u00fcks\u00e9g szerint egy magasan k\u00e9pzett gyakorl\u00f3, az <em>Aiki<\/em> m\u00f3dszertan\u00e1t haszn\u00e1lva, k\u00e9pes maxim\u00e1lisan kiakn\u00e1zni, kontroll\u00e1lni, \u00e9s megf\u00e9kezni ezeket az energi\u00e1kat. Az <em>Aiki<\/em> a <em>taisabaki<\/em> (\u4f53\u634c\u304d, <em>testmunka<\/em>), az <em>ashisabaki<\/em> (\u8db3\u634c\u304d, <em>l\u00e1bmunka<\/em>), valamint a <em>kumite<\/em> (\u7d44\u624b, <em>p\u00e1ros gyakorlatok<\/em>), \u00e9s a <em>jiy\u016bwaza<\/em> (\u81ea\u7531\u6280, <em>szabad k\u00fczdelmi gyakorlatok egy, vagy t\u00f6bb ellenf\u00e9l ellen<\/em>), \u00e9s a hat\u00e1sos technik\u00e1k egy v\u00e1ltozatoss\u00e1 tett tanterve.\n\t\t\t<\/div>\n<p>\t\t\t<\/br><\/p>\n<p>\t\t\t<em>Aikid\u014d<\/em> \u00e9s <em>Aikibujutsu<\/em> tananyag\u00e1n fel\u00fcl a tanul\u00f3k tov\u00e1bb\u00e1 betekint\u00e9st nyernek a <em>torite<\/em> (\u6355\u624b), valamint az <em>Edo<\/em> korabeli <em>torimonojutsu<\/em> (\u6355\u7269\u8853) ismeretanyagaiba is. Az el\u0151bbivel a mai rendfenntart\u00f3 szervezetek a b\u0171n\u00f6z\u0151kkel szemben minim\u00e1lis er\u0151kifejt\u00e9ssel, minim\u00e1lis s\u00e9r\u00fcl\u00e9st okozva l\u00e9pnek fel, m\u00edg az ut\u00f3bbival a feud\u00e1lis Jap\u00e1n rend\u0151rei hat\u00e1stalan\u00edtott\u00e1k az elk\u00f6vet\u0151ket. A kieg\u00e9sz\u00edt\u0151 oktat\u00e1si anyag tartalmazza a <em>tant\u014djutsu<\/em> (\u77ed\u5200\u8853, <em>k\u00e9s<\/em>), a <em>bojutsu<\/em> (\u68d2\u8853, <em>hossz\u00fa bot<\/em>), <em>j\u014d-kumite<\/em> (\u6756\u7d44\u624b, <em>bot<\/em>), <em>te-hodoki<\/em> (\u624b\u89e3, <em>szabadul\u00e1sok<\/em>) m\u00f3dszereit, \u00e9s egy\u00e9b m\u00e1s tudom\u00e1nyokat is.<\/p>\n<div id=\"KepKozepre\">\n\t\t\t\t<img loading=\"lazy\" title=\"Nihondori\" alt=\"\" src=\"https:\/\/www.aikibujutsu.hu\/SajatPic\/nihondori.jpg\" width=\"500\" height=\"320\" \/>\n\t\t\t<\/div>\n<p>\t\t\t<\/br><\/p>\n<p>\t\t\tA h\u00edres harcm\u0171v\u00e9sz <a title=\"Obata Toshishiro\" href=\"https:\/\/www.aikibujutsu.hu\/?page_id=1115\"> <em>Obata<\/em><em> Toshishiro-s\u014dshihan<\/em><\/a>, <em>uchi-deshi<\/em> (\u5185\u5f1f\u5b50, <em>bentlak\u00e1sos tanul\u00f3 <\/em><em>Shioda<\/em><em> G\u014dz\u014d-kanch\u014d iskol\u00e1j\u00e1ban<\/em>), Jap\u00e1nb\u00f3l 1980-ban az Amerikai Egyes\u00fclt \u00c1llamokba k\u00f6lt\u00f6z\u00f6tt, \u00e9s egy kutat\u00f3szervezet fejleszt\u00e9s\u00e9be kezdett, melynek az <em>Aikid\u014d<\/em><em> &amp; Aikibujutsu Tanren Kenky\u016bkai<\/em> (\u5408\u6c17\u6b66\u8853\u935b\u932c\u7814\u7a76\u4f1a; <em>r\u00f6viden Aiki-Buken<\/em>) nevet adta. Ezen szervezet c\u00e9lja a feud\u00e1lis Jap\u00e1nban haszn\u00e1lt <em>aikibujutsu<\/em> \u0151sibb st\u00edlusainak, technikai elgondol\u00e1sainak pontos\u00edt\u00e1sa, tanulm\u00e1nyoz\u00e1sa, \u00fajra\u00e9leszt\u00e9se, oktat\u00e1sa, a modern <em>aikido<\/em> \u201el\u00e1gyabb\u201d st\u00edlusainak fejleszt\u00e9se.<\/p>\n<p class=\"kozepreABTK\"><img loading=\"lazy\" title=\"Aikibujutsu TanrenKenkyukai\" alt=\"\" src=\"https:\/\/www.aikibujutsu.hu\/SajatPic\/aikibuken_kanji.jpg\" width=\"300\" height=\"120\" \/><\/p>\n<p>\t\t\tAz <em>Aikid\u014d<\/em><em> &amp; Aikibujutsu Tanren Kenky\u016bkait<\/em> <em>\u201eAiki-Alap\u00fa Alkalmazott Harcm\u0171v\u00e9szeti Rendszerek Kutat\u00f3 Szervezete\u201d<\/em>-k\u00e9nt ford\u00edthatjuk le. Az <em>Aikid\u014d<\/em><em> Ueshiba Morihei<\/em> \u00e1ltal n\u00e9pszer\u0171s\u00edtett modern m\u00f3dszerek, am\u00edg az <em>Aikibujutsu<\/em>-t a szamur\u00e1jok \u00e1ltal haszn\u00e1lt \u0151sibb <em>bud\u014d<\/em> (\u6b66\u9053) st\u00edlusok k\u00f6z\u00f6tt tartjuk sz\u00e1mon. A <em>Tanren<\/em> (\u935b\u932c) a kardkov\u00e1csol\u00e1snak azon folyamata, amikor a kardpeng\u00e9t kalap\u00e1lj\u00e1k \u00e9s hajtj\u00e1k, s \u00edgy cs\u00f6kkentik a sz\u00e9ntartalm\u00e1t kik\u00fcsz\u00f6b\u00f6lve a tiszt\u00e1talans\u00e1gokat, hogy egy er\u0151s anyag maradjon meg. A <em>Kenky\u016bkai<\/em> (\u7814\u7a76\u4f1a) kutat\u00f3szervezetet vagy t\u00e1rsas\u00e1got jelent. Az <em>Aiki-Buken<\/em> olyan m\u00f3dszereket \u00e9s elm\u00e9leteket foglal mag\u00e1ban, melyeket a h\u00e1bor\u00fa el\u0151tti \u00e9s ut\u00e1ni <em>aikid\u014d<\/em><em>\/aikijutsu<\/em> rendszerek hasznosnak, \u00e9s hat\u00e9konynak \u00edt\u00e9ltek meg. B\u00e1r van egyfok\u00fa <em>Yoshinkan<\/em><em> Aikid\u014d<\/em> behat\u00e1s, a gyakorlati megk\u00f6zel\u00edt\u00e9s \u00e9s alkalmaz\u00e1s jelent\u0151sen elt\u00e9r att\u00f3l.<\/p>\n<p>\t\t\tAz<em> Aikid\u014d<\/em> \u00e9s <em>Aikibujutsu<\/em>-t gyakorl\u00f3k megtanulj\u00e1k a mozg\u00e1s alapelveit, a v\u00e9dekez\u00e9st k\u00fcl\u00f6nf\u00e9le t\u00e1mad\u00e1sok ellen, t\u00f6bb m\u00f3dszert a t\u00e1mad\u00f3 hat\u00e1stalan\u00edt\u00e1s\u00e1ra. Egy j\u00f3l kidolgozott, \u00f6sszef\u00fcgg\u0151 er\u0151s, hat\u00e9kony \u00e9s praktikus rendszert ismerhetnek meg. Az alapos tanulm\u00e1nyok elsaj\u00e1t\u00edt\u00e1s\u00e1n kereszt\u00fcl, az <em>Aikid\u014d<\/em><em> \u00e9s Aikibujutsu<\/em> felt\u00e1rja az <em>Aiki<\/em> technik\u00e1k sz\u00e1mtalan lehet\u0151s\u00e9g\u00e9t. A gyakorl\u00f3 k\u00e9pes lesz szabadon alkalmazni a technik\u00e1kat, \u00e9s alkalmazkodni egy adott helyzet v\u00e1ltoz\u00f3 k\u00f6r\u00fclm\u00e9nyeihez. A magas szint\u0171 <em>Aikid\u014d<\/em><em> \u00e9s Aikibujutsu<\/em> k\u00e9szs\u00e9g k\u00e9pess\u00e9 tesz arra, hogy az ellenfelet szinte er\u0151fesz\u00edt\u00e9s n\u00e9lk\u00fcl gy\u0151zz\u00fck le, ir\u00e1ny\u00edt\u00e1ssal, dob\u00e1ssal, lefog\u00e1ssal, r\u00f6gz\u00edt\u00e9ssel.<\/p>\n<p class=\"kozepreTSUBAmini\"><img loading=\"lazy\" title=\"Tsuba\" alt=\"\" src=\"https:\/\/www.aikibujutsu.hu\/SajatPic\/Aikibujutsu-TSUBA-mini.jpg\" width=\"62\" height=\"74\" \/><\/p>\n<div id=\"AlairasKepJobbra\">\n\t\t\t\t<img loading=\"lazy\" title=\"signo\" alt=\"\" src=\"https:\/\/www.aikibujutsu.hu\/SajatPic\/SziklaiFerenc&amp;CyrusFeketeMERGED.jpg\" width=\"90\" height=\"25\" \/><\/p>\n<div style=\"font-size: 90%%; font-variant: small-caps; margin-left: 1em; text-align: left; border-top: 1px solid silver; margin-top: 1em;\">\n<p>\t\t\t\t2013. \u00c1prilis<\/p><\/div>\n<\/p><\/div>\n<\/p><\/div>\n<\/p><\/div>\n<p><\/body><\/p>\n","protected":false},"excerpt":{"rendered":"<p>Aikid\u014d \u00e9s Aikibujutsu a harmoniz\u00e1l\u00f3 energia \u00fatja Aikid\u014d \u00e9s Aikibujutsu a harmoniz\u00e1l\u00f3 energia \u00fatja Az Aikid\u014d (\u5408\u6c17\u9053) \u00e9s az Aikibujutsu (\u5408\u6c17\u6b66\u8853) azon pusztakezes m\u0171v\u00e9szetek, melyek ink\u00e1bb hasznos\u00edtj\u00e1k az ellenf\u00e9l t\u00e1mad\u00e1s\u00e1nak [&hellip;]<\/p>\n","protected":false},"author":4,"featured_media":0,"parent":0,"menu_order":0,"comment_status":"closed","ping_status":"closed","template":"","meta":{"_mi_skip_tracking":false},"_links":{"self":[{"href":"https:\/\/www.aikibujutsu.hu\/index.php?rest_route=\/wp\/v2\/pages\/1274"}],"collection":[{"href":"https:\/\/www.aikibujutsu.hu\/index.php?rest_route=\/wp\/v2\/pages"}],"about":[{"href":"https:\/\/www.aikibujutsu.hu\/index.php?rest_route=\/wp\/v2\/types\/page"}],"author":[{"embeddable":true,"href":"https:\/\/www.aikibujutsu.hu\/index.php?rest_route=\/wp\/v2\/users\/4"}],"replies":[{"embeddable":true,"href":"https:\/\/www.aikibujutsu.hu\/index.php?rest_route=%2Fwp%2Fv2%2Fcomments&post=1274"}],"version-history":[{"count":0,"href":"https:\/\/www.aikibujutsu.hu\/index.php?rest_route=\/wp\/v2\/pages\/1274\/revisions"}],"wp:attachment":[{"href":"https:\/\/www.aikibujutsu.hu\/index.php?rest_route=%2Fwp%2Fv2%2Fmedia&parent=1274"}],"curies":[{"name":"wp","href":"https:\/\/api.w.org\/{rel}","templated":true}]}}